base 12?
403133
308744 (base 11) to base 5
111312241
Convert -1005c9 (base 15) to base 4.
-2321231301
827532 (base 9) to base 2
1110111111000101011
What is -155661630 (base 7) in base 4?
-220120220223
Convert -210410241 (base 5) to base 8.
-3250173
What is -17eb17 (base 15) in base 5?
-244212442
Convert 112102000200 (base 3) to base 4.
1011033033
-11020121122002 (base 3) to base 4
-20212301303
What is 3ded1a (base 15) in base 12?
100032a
Convert 206bc (base 15) to base 14.
29653
What is 2350446 (base 7) in base 14?
7a826
22b3b6 (base 13) to base 11
513534
What is 10154c6 (base 13) in base 14?
909a89
What is -37867 (base 10) in base 16?
-93eb
-2b45c5 (base 16) to base 9
-5302120
What is -12413 (base 14) in base 3?
-2021022202
What is -12c493 (base 13) in base 9?
-763834
-11101011110101100101000 (base 2) to base 11
-43a9105
17160773 (base 9) to base 15
b4db89
What is -7384 (base 14) in base 7?
-112024
-100001220002020 (base 3) to base 12
-1745580
Convert 2a23c (base 13) to base 6.
1411545
313672 (base 12) to base 16
bccf6
What is 1020344 (base 7) in base 8?
357406
What is 60f781 (base 16) in base 13?
1416661
What is -1100111100100 (base 2) in base 11?
-4a86
What is 510351 (base 10) in base 13?
14b3aa
What is 34031601 (base 7) in base 4?
23033333022
a800 (base 15) to base 2
1000101011011110
What is -24544325 (base 7) in base 3?
-11011102110202
101131133032 (base 4) to base 12
1648a3a
What is 12321525 (base 8) in base 5?
1144310124
101201102012 (base 3) to base 9
351365
Convert 3137464 (base 8) to base 12.
343530
187e4 (base 16) to base 8
303744
Convert -21216410 (base 8) to base 14.
-85c93a
What is 44041102 (base 5) in base 4?
1130030310
What is -383175 (base 10) in base 11?
-241981
Convert -10221110 (base 4) to base 12.
-b018
Convert 101000010011110 (base 2) to base 3.
1001022101
What is -16707137 (base 8) in base 6?
-215353435
Convert -80177 (base 13) to base 4.
-313312103
What is -58080 (base 10) in base 14?
-17248
552a3 (base 12) to base 15
23606
What is 17118b (base 12) in base 5?
100132323
What is 3841d (base 16) in base 10?
230429
Convert -12030402 (base 5) to base 2.
-11011001011111000
What is 4767316 (base 9) in base 8?
11666432
8753421 (base 9) to base 8
21734056
100010011110010111001 (base 2) to base 3
2010101121011
Convert 11000010100000110001 (base 2) to base 8.
3024061
Convert 2b487 (base 14) to base 13.
3a176
Convert 1100110010011000111001 (base 2) to base 5.
1324231441
What is 371447 (base 8) in base 10?
127783
2da8a9 (base 16) to base 9
5560584
What is 105013241 (base 6) in base 15?
27c5c7
-133242014 (base 6) to base 2
-1010001110011011111010
What is -7266 (base 10) in base 3?
-100222010
Convert -1001101010111000000011 (base 2) to base 13.
-6a9a66
Convert -4435b2 (base 12) to base 15.
-166425
-911aa4 (base 15) to base 16
-69251b
-2012130 (base 5) to base 2
-111110110100101
Convert 1137832 (base 13) to base 5.
2324104212
What is 32023206 (base 7) in base 11?
159250a
-61b8d1 (base 14) to base 5
-1321003140
Convert -23bba49 (base 12) to base 10.
-6967065
Convert 234344445 (base 6) to base 3.
22022022112102
14d4a14 (base 14) to base 4
212320210222
3851a08 (base 12) to base 15
e85a5e
Convert -453541132 (base 6) to base 8.
-37527560
Convert 2734a55 (base 11) to base 8.
22004544
Convert 25700275 (base 8) to base 6.
322525005
What is -27580 (base 9) in base 11?
-13062
4729567 (base 12) to base 5
12004243313
-12500032 (base 7) to base 11
-71074a
950235 (base 10) to base 7
11035236
Convert 44960 (base 12) to base 8.
262130
-1a10a28 (base 12) to base 2
-10100111101111011000000
Convert 14725268 (base 10) to base 15.
145d098
122021000221 (base 3) to base 12
144737
Convert 100001101000101100101 (base 2) to base 9.
2058815
-1010011000101100 (base 2) to base 10
-42540
Convert -11211201200 (base 3) to base 4.
-113101011
What is ba3a2 (base 16) in base 11?
481102
What is 14510251 (base 6) in base 15?
a0294
101011111001011000 (base 2) to base 15
3841a
What is 52186b (base 16) in base 14?
a00a03
Convert -2377 (base 8) to base 4.
-103333
5ddbe8 (base 16) to base 13
1374a3c
-1230312200 (base 4) to base 14
-b86ac
23160 (base 7) to base 13
2907
Convert -3012224401 (base 5) to base 15.
-7d0dbb
What is 1120110202200 (base 3) in base 4?
3030012120
-11022102102 (base 3) to base 11
-58847
-6144 (base 10) to base 13
-2a48
-2350050 (base 6) to base 4
-132010032
78582a0 (base 11) to base 10
13773540
742677 (base 9) to base 7
3516316
Convert 26606664 (base 8) to base 15.
7cd13e
-26881 (base 11) to base 13
-145a1
What is 10330413133 (base 5) in base 16?
aaad0a
-140af8 (base 16) to base 7
-14110346
Convert -110201101221100 (base 3) to base 8.
-31621513
Convert 1737 (base 9) to base 14.
6b0
95817 (base 16) to base 13
18596a
What is 5213138 (base 9) in base 11?
1631871
-937111 (base 12) to base 7
-25445131
Convert -7c1805 (base 13) to base 11.
-173196a
What is -33213 (base 13) in base 2?
-10110100111010100
-1082e0 (base 15) to base 12
-31b563
-47626353 (base 8) to base 5
-10132303343
-60353316 (base 7) to base 9
-10367350
-110111100111000100001 (base 2) to base 9
-3376572
-317dd7 (base 14) to base 8
-6305151
Convert -122000020101201 (base 3) to base 14.
-12b4224
Convert -62713076 (base 8) to base 10.
-13342270
-34101605 (base 7) to base 16
-2d2552
What is -b94d (base 15) in base 12?
-1a847
617cbc (base 13) to base 12
917aa1
10456762 (base 8) to base 4
20211313302
What is 1cba0 (base 16) in base 11?
80448
What is 4425313 (base 6) in base 16?
3614d
Convert 23717455 (base 8) to base 12.
18b7891
What is -4467275 (base 9) in base 8?
-11134403
What is b5ed4a (base 16) in base 12?
3bab8b6
-31734a (base 14) to base 9
-3127180
What is -111426010 (base 7) in base 16?
-6774b8
What is -10011010001022 (base 3) in base 7?
-20145122
-3410412 (base 6) to base 4
-222013220
What is -400003000 (base 5) in base 15?
-20d11a
Convert 8849015 (base 10) to base 9.
17576508
12210122021010 (base 3) to base 10
3083133
What is 5239128 (base 10) in base 14?
9a5436
1691689 (base 15) to base 9
33776583
What is 1001110111010110000001 (base 2) in base 16?
277581
Convert 35987 (base 11) to base 12.
25b56
624a22 (base 11) to base 10
1002146
11151 (base 14) to base 11
29141
-33337a2 (base 12) to base 16
-951faa
What is -111001111101010000001 (base 2) in base 7?
-22066562
What is 423173 (base 8) in base 6?
3004231
What is -65cc28 (base 14) in base 16?
-34b584
What is -10101201 (base 4) in base 12?
-a169
Convert -3452543 (base 9) to base 6.
-103551150
What is 542931 (base 13) in base 11?
1130108
Convert 510331555 (base 6) to base 16.
84d67f
Convert 135043323 (base 6) to base 3.
12012011011120
What is 112111 (base 3) in base 6?
1451
Convert -475116 (base 11) to base 13.
-204c64
What is -4572032 (base 11) in base 8?
-36402413
-9db279 (base 16) to base 13
-21ab0ba
What is -101100001000010 (base 2) in base 14?
-833c
-1000001100010110101101 (base 2) to base 3
-11001010011120
-200431023 (base 5) to base 14
-16a003
308835 (base 9) to base 12
8a34b
Convert -236fd (base 16) to base 5.
-14121044
Convert 101212110211002 (base 3) to base 9.
11773732
What is -7cdf4 (base 16) in base 6?
-14543540
-3aab78 (base 15) to base 10
-2820713
Convert 165b00 (base 12) to base 2.
1011101100111110000
Convert 101001010000101000 (base 2) to base 7.
1302466
-961cb (base 13) to base 4
-1002003213
Convert -101100011000101111011 (base 2) to base 10.
-1454459
What is -42315 (base 9) in base 11?
-1a008
Convert -19c962 (base 13) to base 4.
-2200032303
-25244530 (base 6) to base 5
-202034300
What is 688a2 (base 11) in base 3?
12001120221
Convert 26d02 (base 14) to base 13.
3481a
What is 5760094 (base 10) in base 3?
101211122100211
-313021 (base 5) to base 6
-120030
Convert 1030123131 (base 4) to base 5.
40004203
Convert d7169 (base 15) to base 10.
682074
What is 977960 (base 10) in base 11?
608835
514516 (base 9) to base 15
6062c
What is -1004512 (base 6) in base 12?
-23738
What is 3813850 (base 10) in base 8?
16430732
Convert -4f3054 (base 16) to base 9.
-10678851
Convert 175671 (base 8) to base 15.
14161
Convert 122200200100000 (base 3) to base 5.
4401332111
Convert -6333631 (base 7) to base 15.
-10195d
What is -100100111000110101 (base 2) in base 13?
-53a07
What is 1172283 (base 10) in base 11?
730832
1101022020000 (base 3) to base